{"id":2,"date":"2022-09-06T10:10:27","date_gmt":"2022-09-06T13:10:27","guid":{"rendered":"http:\/\/localhost\/teste\/?page_id=2"},"modified":"2022-10-03T13:57:36","modified_gmt":"2022-10-03T16:57:36","slug":"pagina-exemplo","status":"publish","type":"page","link":"http:\/\/www.mast.br\/smmc\/","title":{"rendered":"Apresenta\u00e7\u00e3o"},"content":{"rendered":"\n<p>Qual o papel dos museus ao analisar as realidades brasileiras do passado e do presente, no ano do Bicenten\u00e1rio da Independ\u00eancia do Brasil? Como essa reflex\u00e3o &#8211; entre inquietudes e projetos de esperan\u00e7as &#8211; pode contribuir para o desenvolvimento de um futuro mais digno e menos desigual para a nossa sociedade?<\/p>\n\n\n\n<p>Partindo dessas quest\u00f5es, o semin\u00e1rio vai abordar diferentes aspectos dos museus e das pr\u00e1ticas museol\u00f3gicas ao longo dos \u00faltimos duzentos anos no Brasil, seu papel no desenvolvimento das ci\u00eancias e sua rela\u00e7\u00e3o com movimentos pol\u00edticos e de poder na consolida\u00e7\u00e3o da na\u00e7\u00e3o brasileira e de uma \u201cidentidade nacional\u201d idealizada, muitas vezes injusta e pouco representativa.\u00a0<\/p>\n\n\n\n<p>Os museus foram espa\u00e7os fundadores da ci\u00eancia nacional e tiveram papel crucial no desenvolvimento do Brasil. Apesar de terem seguido um paradigma euroc\u00eantrico, desenvolveram pr\u00e1ticas museol\u00f3gicas com caracter\u00edsticas muito pr\u00f3prias de nossa realidade. Al\u00e9m de atuarem na preserva\u00e7\u00e3o, produ\u00e7\u00e3o e socializa\u00e7\u00e3o de conhecimentos, s\u00e3o hoje ferramentas estrat\u00e9gicas de transforma\u00e7\u00e3o e inclus\u00e3o social.<\/p>\n\n\n\n<p>Nesses duzentos anos s\u00e3o tamb\u00e9m percept\u00edveis eventuais depend\u00eancias e interdepend\u00eancias dos museus brasileiros, das pr\u00e1ticas museol\u00f3gicas e sua rela\u00e7\u00e3o com a consolida\u00e7\u00e3o da Museologia como disciplina cient\u00edfica no Brasil e no mundo. Sendo assim, o que esperar para o futuro dos museus ante as especificidades locais e perspectivas globais?<\/p>\n","protected":false},"excerpt":{"rendered":"<p>Qual o papel dos museus ao analisar as realidades brasileiras do passado e do presente, no ano do Bicenten\u00e1rio da Independ\u00eancia do Brasil? Como essa reflex\u00e3o &#8211; entre inquietudes e projetos de esperan\u00e7as &#8211; pode contribuir para o desenvolvimento de um futuro mais digno e menos desigual para a nossa sociedade? Partindo dessas quest\u00f5es, o [&hellip;]<\/p>\n","protected":false},"author":1,"featured_media":0,"parent":0,"menu_order":0,"comment_status":"closed","ping_status":"open","template":"","meta":{"footnotes":""},"class_list":["post-2","page","type-page","status-publish","hentry"],"_links":{"self":[{"href":"http:\/\/www.mast.br\/smmc\/wp-json\/wp\/v2\/pages\/2","targetHints":{"allow":["GET"]}}],"collection":[{"href":"http:\/\/www.mast.br\/smmc\/wp-json\/wp\/v2\/pages"}],"about":[{"href":"http:\/\/www.mast.br\/smmc\/wp-json\/wp\/v2\/types\/page"}],"author":[{"embeddable":true,"href":"http:\/\/www.mast.br\/smmc\/wp-json\/wp\/v2\/users\/1"}],"replies":[{"embeddable":true,"href":"http:\/\/www.mast.br\/smmc\/wp-json\/wp\/v2\/comments?post=2"}],"version-history":[{"count":4,"href":"http:\/\/www.mast.br\/smmc\/wp-json\/wp\/v2\/pages\/2\/revisions"}],"predecessor-version":[{"id":398,"href":"http:\/\/www.mast.br\/smmc\/wp-json\/wp\/v2\/pages\/2\/revisions\/398"}],"wp:attachment":[{"href":"http:\/\/www.mast.br\/smmc\/wp-json\/wp\/v2\/media?parent=2"}],"curies":[{"name":"wp","href":"https:\/\/api.w.org\/{rel}","templated":true}]}}