{"id":309,"date":"2022-09-16T14:56:07","date_gmt":"2022-09-16T17:56:07","guid":{"rendered":"http:\/\/localhost\/teste\/?page_id=309"},"modified":"2022-10-06T11:45:33","modified_gmt":"2022-10-06T14:45:33","slug":"fale-conosco","status":"publish","type":"page","link":"http:\/\/www.mast.br\/smmc\/fale-conosco\/","title":{"rendered":"Fale conosco"},"content":{"rendered":"\n<p><strong>Museu de Astronomia e Ci\u00eancias Afins<\/strong><\/p>\n\n\n\n<p>Rua General Bruce 586, S\u00e3o Crist\u00f3v\u00e3o, Rio de Janeiro<br>Tel. + 55 21 3514-5213 \/ 3514-5202<br><a rel=\"noreferrer noopener\" href=\"mailto:sembicent@mast.br\" target=\"_blank\"><strong>sembicent@mast.br<\/strong><\/a><\/p>\n","protected":false},"excerpt":{"rendered":"<p>Museu de Astronomia e Ci\u00eancias Afins Rua General Bruce 586, S\u00e3o Crist\u00f3v\u00e3o, Rio de JaneiroTel. + 55 21 3514-5213 \/ 3514-5202sembicent@mast.br<\/p>\n","protected":false},"author":1,"featured_media":0,"parent":0,"menu_order":0,"comment_status":"closed","ping_status":"closed","template":"","meta":{"footnotes":""},"class_list":["post-309","page","type-page","status-publish","hentry"],"_links":{"self":[{"href":"http:\/\/www.mast.br\/smmc\/wp-json\/wp\/v2\/pages\/309","targetHints":{"allow":["GET"]}}],"collection":[{"href":"http:\/\/www.mast.br\/smmc\/wp-json\/wp\/v2\/pages"}],"about":[{"href":"http:\/\/www.mast.br\/smmc\/wp-json\/wp\/v2\/types\/page"}],"author":[{"embeddable":true,"href":"http:\/\/www.mast.br\/smmc\/wp-json\/wp\/v2\/users\/1"}],"replies":[{"embeddable":true,"href":"http:\/\/www.mast.br\/smmc\/wp-json\/wp\/v2\/comments?post=309"}],"version-history":[{"count":4,"href":"http:\/\/www.mast.br\/smmc\/wp-json\/wp\/v2\/pages\/309\/revisions"}],"predecessor-version":[{"id":432,"href":"http:\/\/www.mast.br\/smmc\/wp-json\/wp\/v2\/pages\/309\/revisions\/432"}],"wp:attachment":[{"href":"http:\/\/www.mast.br\/smmc\/wp-json\/wp\/v2\/media?parent=309"}],"curies":[{"name":"wp","href":"https:\/\/api.w.org\/{rel}","templated":true}]}}